4044?
4
What is the hundred thousands digit of 142249?
1
What is the thousands digit of 2933?
2
What is the hundreds digit of 8041?
0
What is the tens digit of 5682?
8
What is the hundreds digit of 32045?
0
What is the units digit of 3650?
0
What is the hundreds digit of 1353?
3
What is the units digit of 4452?
2
What is the hundred thousands digit of 111324?
1
What is the hundreds digit of 488?
4
What is the tens digit of 22908?
0
What is the units digit of 1081?
1
What is the tens digit of 5392?
9
What is the units digit of 14252?
2
What is the hundreds digit of 77956?
9
What is the units digit of 376?
6
What is the tens digit of 2209?
0
What is the hundred thousands digit of 141480?
1
What is the units digit of 71340?
0
What is the units digit of 22439?
9
What is the hundreds digit of 9123?
1
What is the units digit of 246?
6
What is the tens digit of 125215?
1
What is the thousands digit of 29584?
9
What is the thousands digit of 80997?
0
What is the ten thousands digit of 21146?
2
What is the tens digit of 5106?
0
What is the units digit of 181?
1
What is the thousands digit of 1175?
1
What is the hundreds digit of 78324?
3
What is the hundreds digit of 5610?
6
What is the thousands digit of 3059?
3
What is the units digit of 573?
3
What is the hundreds digit of 882?
8
What is the tens digit of 16088?
8
What is the thousands digit of 38075?
8
What is the units digit of 1682?
2
What is the thousands digit of 3695?
3
What is the ten thousands digit of 15191?
1
What is the thousands digit of 11089?
1
What is the thousands digit of 6808?
6
What is the hundreds digit of 2445?
4
What is the hundreds digit of 8646?
6
What is the thousands digit of 77118?
7
What is the tens digit of 5195?
9
What is the tens digit of 1095?
9
What is the tens digit of 96334?
3
What is the units digit of 976?
6
What is the units digit of 39?
9
What is the thousands digit of 4635?
4
What is the tens digit of 13700?
0
What is the hundreds digit of 2518?
5
What is the tens digit of 851?
5
What is the tens digit of 36768?
6
What is the units digit of 20238?
8
What is the units digit of 2561?
1
What is the hundreds digit of 1776?
7
What is the hundreds digit of 239?
2
What is the tens digit of 3611?
1
What is the hundreds digit of 162442?
4
What is the units digit of 8019?
9
What is the units digit of 3198?
8
What is the thousands digit of 3260?
3
What is the units digit of 55880?
0
What is the units digit of 19920?
0
What is the units digit of 888?
8
What is the units digit of 5445?
5
What is the tens digit of 132?
3
What is the units digit of 94?
4
What is the hundreds digit of 76587?
5
What is the tens digit of 9315?
1
What is the hundreds digit of 12529?
5
What is the hundreds digit of 40156?
1
What is the tens digit of 904?
0
What is the units digit of 158065?
5
What is the hundreds digit of 14875?
8
What is the hundreds digit of 1909?
9
What is the thousands digit of 3066?
3
What is the units digit of 123?
3
What is the hundreds digit of 901?
9
What is the thousands digit of 7551?
7
What is the tens digit of 2207?
0
What is the units digit of 842?
2
What is the tens digit of 11200?
0
What is the thousands digit of 16401?
6
What is the thousands digit of 50102?
0
What is the thousands digit of 4133?
4
What is the hundreds digit of 973?
9
What is the thousands digit of 7265?
7
What is the ten thousands digit of 13588?
1
What is the hundreds digit of 7766?
7
What is the hundred thousands digit of 131707?
1
What is the thousands digit of 106880?
6
What is the hundred thousands digit of 138870?
1
What is the hundred thousands digit of 151593?
1
What is the ten thousands digit of 17224?
1
What is the units digit of 1616?
6
What is the hundreds digit of 3800?
8
What is the tens digit of 462?
6
What is the tens digit of 2375?
7
What is the thousands digit of 3242?
3
What is the units digit of 560?
0
What is the units digit of 158?
8
What is the hundreds digit of 259?
2
What is the tens digit of 4482?
8
What is the thousands digit of 53979?
3
What is the tens digit of 1563?
6
What is the units digit of 62848?
8
What is the units digit of 159716?
6
What is the units digit of 1501?
1
What is the tens digit of 2510?
1
What is the hundreds digit of 4219?
2
What is the hundreds digit of 129072?
0
What is the units digit of 18302?
2
What is the hundreds digit of 683?
6
What is the ten thousands digit of 10261?
1
What is the tens digit of 82247?
4
What is the units digit of 15218?
8
What is the tens digit of 3513?
1
What is the tens digit of 8366?
6
What is the tens digit of 946?
4
What is the hundreds digit of 18983?
9
What is the tens digit of 425?
2
What is the hundreds digit of 17236?
2
What is the tens digit of 2785?
8
What is the hundreds digit of 60424?
4
What is the tens digit of 4180?
8
What is the units digit of 31133?
3
What is the thousands digit of 1607?
1
What is the units digit of 1468?
8
What is the units digit of 21276?
6
What is the units digit of 10081?
1
What is the hundreds digit of 385?
3
What is the hundreds digit of 2441?
4
What is the hundreds digit of 43108?
1
What is the hundreds digit of 19249?
2
What is the hundreds digit of 26516?
5
What is the units digit of 6226?
6
What is the ten thousands digit of 45991?
4
What is the tens digit of 26715?
1
What is the tens digit of 38462?
6
What is the ten thousands digit of 27462?
2
What is the tens digit of 11618?
1
What is the thousands digit of 3454?
3
What is the units digit of 20528?
8
What is the thousands digit of 2127?
2
What is the thousands digit of 12300?
2
What is the tens digit of 189?
8
What is the thousands digit of 121565?
1
What is the hundreds digit of 1047?
0
What is the hundreds digit of 10594?
5
What is the ten thousands digit of 48736?
4
What is the units digit of 206?
6
What is the hundreds digit of 13055?
0
What is the units digit of 4972?
2
What is the thousands digit of 17569?
7
What is the hundreds digit of 1076?
0
What is the tens digit of 69601?
0
What is the tens digit of 867?
6
What is the tens digit of 246?
4
What is the thousands digit of 33517?
3
What is the thousands digit of 6387?
6
What is the units digit of 1236?
6
What is the tens digit of 2271?
7
What is the units digit of 29215?
5
What is the thousands digit of 3786?
3
What is the hundreds digit of 4575?
5
What is the hundreds digit of 2189?
1
What is the thousands digit of 2479?
2
What is the units digit of 2?
2
What is the units digit of 52057?
7
What is the hundreds digit of 8913?
9
What is the tens digit of 412?
1
What is the tens digit of 8392?
9
What is the hundreds digit of 8595?
5
What is the hundreds digit of 170?
1
What is the ten thousands digit of 10424?
1
What is the tens digit of 3612?
1
What is the hundreds digit of 44459?
4
What is the thousands digit of 13196?
3
What is the tens digit of 254?
5
What is the hundreds digit of 798?
7
What is the units digit of 109?
9
What is the ten thousands digit of 27551?
2
What is the hundreds digit of 738?
7
What is the hundreds digit of 24059?
0
What is the units digit of 3163?
3
What is the tens digit of 24499?
9
What is the tens digit of 32014?
1
What is the ten thousands digit of 14794?
1
What is the tens digit of 79?
7
What is the thousands digit of 10880?
0
What is the hundreds digit of 1434?
4
What is the units digit of 27212?
2
What is the tens digit of 9369?
6
What is the tens digit of 3916?
1
What is the tens digit of 311?
1
What is the units digit of 32126?
6
What is the tens digit of 4189?
8
What is the tens digit of 4366?
6
What is the tens digit of 31887?
8
What is the thousands digit of 1179?
1
What is the tens digit of 729?
2
What is the thousands digit of 1230?
1
What is the tens digit of 51116?
1
What is the units digit of 28254?
4
What is the units digit of 380?
0
What is the thousands digit of 1010?
1
What is the units digit of 171?
1
What is the tens digit of 89?
8
What is the hundred thousands digit of 110221?
1
What is the tens digit of 518?
1
What is the thousands digit of 30110?
0
What is the hundreds digit of 777?
7
What is the units digit of 26731?
1
What is the units digit of 28955?
5
What is the tens digit of 406?
0
What is the units digit of 480?
0
What is the units digit of 2318?
8
What is the tens digit of 3162?
6
What is the units d